of 9060?
2, 3, 5, 151
What are the prime factors of 51320?
2, 5, 1283
List the prime factors of 158.
2, 79
List the prime factors of 36939.
3, 7, 1759
List the prime factors of 8822.
2, 11, 401
What are the prime factors of 1012?
2, 11, 23
List the prime factors of 660.
2, 3, 5, 11
List the prime factors of 3764.
2, 941
List the prime factors of 23690.
2, 5, 23, 103
List the prime factors of 15721.
79, 199
What are the prime factors of 32685?
3, 5, 2179
List the prime factors of 62839.
7, 47, 191
What are the prime factors of 13102?
2, 6551
What are the prime factors of 1591?
37, 43
List the prime factors of 2606.
2, 1303
List the prime factors of 6749.
17, 397
List the prime factors of 310.
2, 5, 31
What are the prime factors of 1216?
2, 19
What are the prime factors of 2670?
2, 3, 5, 89
List the prime factors of 8003.
53, 151
What are the prime factors of 136512?
2, 3, 79
What are the prime factors of 178?
2, 89
List the prime factors of 15684.
2, 3, 1307
List the prime factors of 38859.
3, 12953
List the prime factors of 12137.
53, 229
What are the prime factors of 471?
3, 157
List the prime factors of 3623.
3623
What are the prime factors of 26241?
3, 8747
List the prime factors of 182537.
182537
List the prime factors of 4008.
2, 3, 167
List the prime factors of 66087.
3, 7, 1049
What are the prime factors of 3580?
2, 5, 179
List the prime factors of 34228.
2, 43, 199
What are the prime factors of 11297?
11, 13, 79
List the prime factors of 184.
2, 23
List the prime factors of 1717.
17, 101
List the prime factors of 2124.
2, 3, 59
List the prime factors of 62981.
62981
What are the prime factors of 2886?
2, 3, 13, 37
List the prime factors of 376.
2, 47
List the prime factors of 62832.
2, 3, 7, 11, 17
List the prime factors of 668.
2, 167
What are the prime factors of 9216?
2, 3
List the prime factors of 60.
2, 3, 5
List the prime factors of 1492.
2, 373
List the prime factors of 15491.
7, 2213
List the prime factors of 5314.
2, 2657
List the prime factors of 99.
3, 11
What are the prime factors of 2524?
2, 631
List the prime factors of 12173.
7, 37, 47
List the prime factors of 2205.
3, 5, 7
What are the prime factors of 2926?
2, 7, 11, 19
What are the prime factors of 779?
19, 41
List the prime factors of 1473.
3, 491
List the prime factors of 10010.
2, 5, 7, 11, 13
What are the prime factors of 12340?
2, 5, 617
List the prime factors of 36448.
2, 17, 67
List the prime factors of 7572.
2, 3, 631
List the prime factors of 21059.
21059
What are the prime factors of 5752?
2, 719
List the prime factors of 45372.
2, 3, 19, 199
What are the prime factors of 1451?
1451
What are the prime factors of 4501?
7, 643
What are the prime factors of 5744?
2, 359
What are the prime factors of 11651?
61, 191
What are the prime factors of 1374?
2, 3, 229
What are the prime factors of 832?
2, 13
What are the prime factors of 3006?
2, 3, 167
What are the prime factors of 5287?
17, 311
What are the prime factors of 1090?
2, 5, 109
List the prime factors of 3667.
19, 193
List the prime factors of 6148.
2, 29, 53
What are the prime factors of 3425?
5, 137
What are the prime factors of 3939?
3, 13, 101
What are the prime factors of 25836?
2, 3, 2153
What are the prime factors of 1192?
2, 149
What are the prime factors of 15822?
2, 3, 293
What are the prime factors of 534?
2, 3, 89
What are the prime factors of 807?
3, 269
List the prime factors of 101903.
181, 563
List the prime factors of 375.
3, 5
What are the prime factors of 24304?
2, 7, 31
List the prime factors of 1023.
3, 11, 31
List the prime factors of 6889.
83
What are the prime factors of 94419?
3, 13, 269
What are the prime factors of 51803?
51803
What are the prime factors of 95?
5, 19
List the prime factors of 22098.
2, 3, 29, 127
List the prime factors of 5585.
5, 1117
What are the prime factors of 2425?
5, 97
What are the prime factors of 1801?
1801
List the prime factors of 36142.
2, 17, 1063
List the prime factors of 38030.
2, 5, 3803
List the prime factors of 2163.
3, 7, 103
List the prime factors of 672.
2, 3, 7
List the prime factors of 25169.
25169
What are the prime factors of 115?
5, 23
List the prime factors of 26164.
2, 31, 211
List the prime factors of 472.
2, 59
What are the prime factors of 1581?
3, 17, 31
List the prime factors of 26274.
2, 3, 29, 151
What are the prime factors of 2468?
2, 617
What are the prime factors of 5566?
2, 11, 23
List the prime factors of 1653.
3, 19, 29
List the prime factors of 1658.
2, 829
What are the prime factors of 2801?
2801
What are the prime factors of 2642?
2, 1321
List the prime factors of 22814.
2, 11, 17, 61
What are the prime factors of 37487?
19, 1973
List the prime factors of 5512.
2, 13, 53
What are the prime factors of 17258?
2, 8629
List the prime factors of 34107.
3, 11369
What are the prime factors of 139044?
2, 3, 11587
What are the prime factors of 1300?
2, 5, 13
List the prime factors of 2062.
2, 1031
What are the prime factors of 71983?
71983
List the prime factors of 2390.
2, 5, 239
What are the prime factors of 1674?
2, 3, 31
List the prime factors of 3183.
3, 1061
List the prime factors of 1879.
1879
What are the prime factors of 1578?
2, 3, 263
List the prime factors of 573.
3, 191
List the prime factors of 56483.
7, 8069
List the prime factors of 18831.
3, 6277
What are the prime factors of 124?
2, 31
What are the prime factors of 8576?
2, 67
List the prime factors of 72873.
3, 2699
What are the prime factors of 378?
2, 3, 7
List the prime factors of 16434.
2, 3, 11, 83
What are the prime factors of 5806?
2, 2903
What are the prime factors of 16794?
2, 3, 311
List the prime factors of 2258.
2, 1129
What are the prime factors of 8103?
3, 37, 73
What are the prime factors of 5881?
5881
What are the prime factors of 7256?
2, 907
List the prime factors of 1364.
2, 11, 31
List the prime factors of 6872.
2, 859
What are the prime factors of 850?
2, 5, 17
What are the prime factors of 1380?
2, 3, 5, 23
List the prime factors of 729.
3
List the prime factors of 89700.
2, 3, 5, 13, 23
List the prime factors of 716.
2, 179
List the prime factors of 9595.
5, 19, 101
List the prime factors of 9515.
5, 11, 173
What are the prime factors of 923?
13, 71
What are the prime factors of 3578?
2, 1789
List the prime factors of 4665.
3, 5, 311
List the prime factors of 29.
29
List the prime factors of 62520.
2, 3, 5, 521
What are the prime factors of 7958?
2, 23, 173
What are the prime factors of 7125?
3, 5, 19
List the prime factors of 3205.
5, 641
List the prime factors of 20646.
2, 3, 31, 37
List the prime factors of 91638.
2, 3, 1697
What are the prime factors of 749?
7, 107
What are the prime factors of 816?
2, 3, 17
What are the prime factors of 34734?
2, 3, 7, 827
What are the prime factors of 7605?
3, 5, 13
List the prime factors of 133130.
2, 5, 13313
List the prime factors of 261.
3, 29
What are the prime factors of 60357?
3, 11, 31, 59
List the prime factors of 946.
2, 11, 43
List the prime factors of 480.
2, 3, 5
List the prime factors of 84264.
2, 3, 3511
List the prime factors of 40433.
40433
What are the prime factors of 12559?
19, 661
What are the prime factors of 574?
2, 7, 41
What are the prime factors of 16981?
16981
List the prime factors of 962.
2, 13, 37
List the prime factors of 1519.
7, 31
What are the prime factors of 2792?
2, 349
List the prime factors of 10629.
3, 1181
What are the prime factors of 369?
3, 41
List the prime factors of 2461.
23, 107
What are the prime factors of 9818?
2, 4909
List the prime factors of 111126.
2, 3, 18521
What are the prime factors of 1369?
37
List the prime factors of 98276.
2, 79, 311
List the prime factors of 112893.
3, 11, 311
What are the prime factors of 374?
2, 11, 17
List the prime factors of 2968.
2, 7, 53
What are the prime factors of 6665?
5, 31, 43
List the prime factors of 314.
2, 157
What are the prime factors of 4589?
13, 353
What are the prime factors of 34367?
34367
What are the prime factors of 8558?
2, 11, 389
What are the prime factors of 45900?
2, 3, 5, 17
What are the prime factors of 1116?
2, 3, 31
What are the prime factors of 39633?
3, 11, 1201
What are the prime factors of 310?
2, 5, 31
What are the prime factors of 7643?
7643
What are the prime factors of 5